- 8/36. Suppose 5*z - u = 9. Suppose 0 = z*v - 13*v + 10828. Is v prime?
True
Suppose 0 = 5*s - 5*c - 73710, -5*c = s - 15274 + 562. Suppose -s = -k - 0*r - 5*r, -3*k + 44211 = -r. Is k composite?
False
Suppose -z - z = 2*d - 24082, 5*d + 4*z = 60210. Let v = d - -2413. Is v a prime number?
False
Let f(r) = -9*r**2 - 6 + 36*r**2 - 9*r**2 + 9*r - 14*r**2. Let q(u) = -u**2 + 8*u - 5. Let h be q(6). Is f(h) composite?
True
Suppose -19415 = 9*m - 11*m + b, 4*m = 5*b + 38815. Suppose 5*o = 4935 + m. Is o a prime number?
False
Let z(w) = 9*w**2 - 46*w + 7. Let r be z(5). Suppose 3*q = r*q + 2153. Is q prime?
True
Is (-1 - 0)/(-6) - (-12765315)/954 composite?
False
Suppose -g - 3 = -5*i + 2, i - 3*g = -13. Let l(d) = 2*d**2 - 4*d**i - d**3 - 3 + 0 + 1. Is l(-11) prime?
True
Suppose 0 = -b + 4*v + 186511, -3*b - 398*v + 400*v + 559593 = 0. Is b a composite number?
True
Let y(i) = 273*i**2 - 5*i + 5. Let a(r) = 4*r + 30. Let u be a(-7). Is y(u) a prime number?
True
Let w(x) = -x**3 - 46*x**2 - 31*x - 241. Is w(-89) a prime number?
False
Let x(f) = 19*f + 12. Let t = -45 + 44. Let n be -2 + t + 15 + 1. Is x(n) a prime number?
False
Let y(j) be the third derivative of 0*j**4 + 0*j + 307/15*j**5 - 25*j**2 - 5/6*j**3 + 0. Is y(2) prime?
False
Is (2 - (-6765)/(-2))*2438/(805/(-35)) prime?
False
Suppose 0 = 168*i - 2342561 + 15257. Is i a composite number?
True
Let n = -436 - -429. Is n/((-49)/42) - -1399 a prime number?
False
Let w = -52339 - -78074. Is w composite?
True
Suppose 12*t + 6*t = -48978. Let g = 4082 + t. Is g a prime number?
True
Let q = 29328 + 10171. Is q a composite number?
False
Is ((-12)/(-3) - -48427) + 48/8 composite?
False
Let s(m) = 3044*m**3 - 11*m**2 + 19*m + 11. Is s(3) a composite number?
True
Let p(c) = -1427*c**3 - 7*c**2 - 35*c - 73. Is p(-3) a prime number?
False
Suppose o = -3*m + 116007, -90*m + 92*m + 2*o - 77346 = 0. Is m a composite number?
True
Suppose -8 = 4*d - 5*u - 0, 0 = d - u + 1. Is 16602/(-18)*((-18)/2)/d a prime number?
True
Suppose -10*n - 11288754 = -64*n. Is n prime?
False
Let i(l) = -18929*l - 10895. Is i(-8) a prime number?
False
Suppose -4*j - 51128 = c, -4*c + 78894 = -5*j + 15005. Let r = -7818 - j. Is r a prime number?
False
Suppose -42 = -22*n + 8*n. Suppose -2*d + 3*u = 6*u - 13993, 20996 = n*d - 2*u. Is d a composite number?
True
Let c = 72 - 70. Let g be 96/60*605/c. Suppose 1066 = 2*b + 4*f, -3*b + g = 2*f - 1131. Is b composite?
False
Let o(j) = -j**2 + 9*j + 16. Suppose -6*m + 5*m + 9 = 0. Let r be o(m). Suppose r*a - 955 = 11*a. Is a prime?
True
Let o(a) = -18*a - 57. Let f be o(-12). Let q = 52 + f. Is q composite?
False
Let t(x) = x**3 - 2*x**2 - 2*x - 4. Let p = -81 - -79. Let g be t(p). Is 2766/8 + (-4)/g composite?
True
Is 0 + 3 - (149873*2)/(-9 + 8) composite?
False
Let k = -10558 + 25065. Is k a composite number?
True
Let n be -3*(-4)/(-20)*-17515. Let q = n + -1312. Is q a prime number?
False
Suppose 379*f - 451*f + 25619832 = 0. Is f a composite number?
True
Suppose -5*x + 1390 = -180. Is x composite?
True
Let q(v) be the second derivative of v**5/20 - v**3/2 + v**2/2 - 10*v. Let m be q(2). Let c(f) = 290*f + 7. Is c(m) prime?
True
Suppose -4*k + 95011 - 3543 = 0. Is k composite?
True
Let d(p) = 2143*p + 7. Let k be d(1). Let j = -999 + k. Is j prime?
True
Suppose 8*g - 14 = -6*g. Let s(k) = 2959*k**2 + 18*k - 18. Is s(g) a prime number?
False
Suppose 22*q = 27*q - 752705. Is q composite?
True
Let f be 3/2*288/(-108). Is (f/(-5))/(10/75) - -38077 prime?
True
Is (199903242/(-2772))/(1/(-6)) composite?
True
Let a(g) = 5*g**2 - 9*g + 3. Let b be a(2). Suppose -c = q - 2*q, -b*q + 40 = 5*c. Suppose -2223 = -5*v - j, -q*v - 5*j + 1786 = -8*j. Is v a prime number?
False
Suppose 0 = -690*r + 637*r + 19798309. Is r prime?
True
Suppose 194*k - 33751978 = -61*k + 53*k. Is k a composite number?
True
Suppose 25*m - 4*i = 27*m - 999866, i + 1999678 = 4*m. Is m composite?
True
Suppose 15 = -3*s, 3*k = 4*s + 12 + 14. Suppose -6*y + 5*v = -k*y - 7197, 0 = y - 4*v - 1813. Is y a composite number?
True
Let r(g) = 1918*g - 1087. Is r(23) prime?
False
Suppose -5*n + 4*w + 31 = 0, 0*n + 8 = 4*n + w. Suppose n*z = -2*k + 62494, -k + 29238 = -5*z - 1983. Is k composite?
True
Is (-5656)/210*7041/(-2)*(-30)/(-12) a prime number?
False
Let c(i) = -14248*i - 27. Is c(-1) a composite number?
False
Let u(h) = -4*h**3 - 97*h**2 - 4*h + 69. Let m(d) = 3*d**3 + d - 1. Let f(b) = -2*m(b) - u(b). Is f(48) a composite number?
False
Suppose -7*v - 33 = -47. Suppose -3*d = v*s - 3409, 2875 = 4*s - d - 3950. Is s prime?
False
Let b be (-5 + -223)*(-2 + (-5)/(-4)). Let g = b - 121. Suppose 2*x = 12 + g. Is x prime?
True
Let s = 55073 - 12680. Let q = 82494 - s. Is q a prime number?
False
Suppose 13*z = 645661 + 849313. Suppose z = i + 25*i. Is i a composite number?
False
Let m be 0/((0 - -3) + -6). Suppose -4*u + 3*w - 7*w + 6936 = m, u - 1735 = -2*w. Is u composite?
False
Let o = -6794 - -9546. Is (o - 3) + 0/(-5) a prime number?
True
Let u(z) = -96*z + 56. Let t be u(-23). Suppose b + 4*b = -p + t, 0 = -2*p - b + 4564. Suppose 0 = -v + 5*w + 384 + 199, -4*v - 4*w + p = 0. Is v composite?
True
Is ((-5)/((-40)/2)*1)/((-10)/(-4202840)) a prime number?
True
Let s(t) = 234*t + 721. Is s(92) a prime number?
False
Let y = 272 - 268. Suppose 0 = -p - y*k + 2191, -3*k = -2*p - 2*p + 8707. Is p a prime number?
True
Let m be -7 + (2 - 5/5) + -3. Is (m - -10) + 564 + 1 a composite number?
True
Let z(y) = 14*y**2 - 2*y - 17. Let m(q) = -q**3 + 6*q**2 - 7*q - 5. Let r be m(6). Let d = 32 + r. Is z(d) prime?
True
Let m be (0 - 2)/((-2)/16). Suppose 4*g = -m, 4*p + 2*g = -0*g + 984. Let i = p - 133. Is i composite?
True
Let r be (-3*4)/((-93)/(-62)). Let m(i) = -5*i**3 - 8*i**2 + i + 11. Is m(r) prime?
False
Let a(c) = -c**3 + 68*c**2 + 6*c + 241. Is a(64) composite?
True
Let a = 424272 - 248939. Is a a composite number?
False
Let z(x) = -2308*x + 499. Is z(-4) a prime number?
False
Let o = -40562 + 220275. Is o a prime number?
False
Is (-396997*(11 + -10)*1)/(-1) composite?
False
Suppose -2*h - 5*g = 17 - 8, -h = g. Suppose 0*t = -t + 2*t. Suppose -2*j - h*o + 3268 = -o, -4*o - 12 = t. Is j a prime number?
True
Suppose 9*o - 86 = -14. Let k be o + -1656 + (-1 - (0 - 3)). Let b = k + 2335. Is b composite?
True
Let p be (((-106336)/(-12))/8)/(2/6). Suppose -3*a = -n + p, 3*a = -2*n - 2*n + 13367. Is n prime?
False
Let l(w) = w**3 + 17*w**2 + 14*w + 2. Let i be l(-16). Let j = i + -34. Suppose -y + h = 4*y - 1053, j = -4*y + h + 842. Is y composite?
False
Let w = -934 + 2500. Let q = -55 + w. Is q composite?
False
Let x = -24 - -12. Let k be (-15)/6 + 6/x. Is (-4666)/2*((6 - 4) + k) composite?
False
Suppose -12*u + 2601876 = 117000. Is u prime?
True
Let p = 747 + 1557. Suppose 0 = -2*h - s + p, -h + 4*s = 3*h - 4596. Is h a prime number?
True
Let r(l) = -10214*l + 7015. Is r(-8) prime?
False
Suppose -u - 137589 = -5*d, 0 = 3*u - 24*d + 29*d + 412767. Is u/(-15) + (-20)/(-50) composite?
False
Suppose 7*r - 132857 = -49*r + 68127. Is r composite?
True
Let s(t) = 1488*t + 25. Let z be s(21). Suppose -3*i = -4*c - z, -6*c + 3*c = -2*i + 20848. Is i a prime number?
True
Let o = -618847 - -1093584. Is o composite?
False
Suppose -128 = 11*g + 235. Let i be 171/g - 16/(-88). Is (-7 + 3 - -242) + i a composite number?
False
Suppose -3*r = 2*q - 6460, r + 3*q - 6*q - 2135 = 0. Let w = r + 887. Is w a composite number?
False
Let d = 97 + -121. Is (-127983)/d - 18/(-48) a composite number?
False
Let w(b) = -366*b - 65. Let y be 40/15*(2 - 65/10). Is w(y) composite?
False
Is ((-21)/(-63) - 0)/((-2)/(-87198)) composite?
False
Let j be (-1)/((-16)/12) + 21/4. Is ((-22502)/j)/(((-10)/(-15))/(-2)) a prime number?
True
Is (-609978)/(-2)*10/(-30)*(3 - 4) composite?
False
Suppose 0 = -4*u - m + 85, -3*m + 6*m + 65 = 4*u. Suppose 0 = 6*d - d + 20, -u = -s + 4*d. Suppose 3*x - 7*x + 1684 = s*i, -4*i + 1674 = -x. Is i prime?
True
Let r be 4*(-3)/(-36)*1167. Suppose -o - 290 = r. Is (o/(-2))/(4/8) a composite number?
True
Suppose 75*u - 5*p = 70*u + 1567520, -u + 3*p + 313514 = 0. Is u a composite number?
True
Suppose 98*r + 20*r - 21503181 = -4008265. Is r a composite number?
True
Let l = -111 + 116. Suppose -4*b + 28562 = 2*q, 28050 = l*q - b - 43355. Is q c